{"id":6652,"date":"2022-01-03T14:30:34","date_gmt":"2022-01-03T11:30:34","guid":{"rendered":"https:\/\/alfadestek.com\/elibolmakina\/?page_id=6652"},"modified":"2023-04-29T23:01:22","modified_gmt":"2023-04-29T20:01:22","slug":"micir-sepeti","status":"publish","type":"page","link":"https:\/\/www.elibolasfalt.com.tr\/?page_id=6652","title":{"rendered":"M\u0131c\u0131r Serici"},"content":{"rendered":"\t\t<div data-elementor-type=\"wp-page\" data-elementor-id=\"6652\" class=\"elementor elementor-6652\" data-elementor-settings=\"[]\">\n\t\t\t\t\t\t\t<div class=\"elementor-section-wrap\">\n\t\t\t\t\t        <section class=\"elementor-section elementor-top-section elementor-element elementor-element-32f8afa elementor-section-boxed elementor-section-height-default elementor-section-height-default\" data-id=\"32f8afa\" data-element_type=\"section\">\n            \n                        <div class=\"elementor-container elementor-column-gap-default \">\n                    <div class=\"elementor-column elementor-col-100 elementor-top-column elementor-element elementor-element-71540a0\" data-id=\"71540a0\" data-element_type=\"column\">\n            <div class=\"elementor-widget-wrap elementor-element-populated\">\n                        \t\t<div class=\"elementor-element elementor-element-1b8b02b elementor-widget elementor-widget-image-gallery\" data-id=\"1b8b02b\" data-element_type=\"widget\" data-widget_type=\"image-gallery.default\">\n\t\t\t\t<div class=\"elementor-widget-container\">\n\t\t\t\t\t<div class=\"elementor-image-gallery\">\n\t\t\t<div id='gallery-1' class='gallery galleryid-6652 gallery-columns-4 gallery-size-intime-service'><figure class='gallery-item'>\n\t\t\t<div class='gallery-icon landscape'>\n\t\t\t\t<a data-elementor-open-lightbox=\"yes\" data-elementor-lightbox-slideshow=\"1b8b02b\" href='https:\/\/www.elibolasfalt.com.tr\/wp-content\/uploads\/2022\/01\/CIMG1306-temizle-boya-duzelt-1-scaled.jpg'><img width=\"370\" height=\"310\" src=\"https:\/\/www.elibolasfalt.com.tr\/wp-content\/uploads\/2022\/01\/CIMG1306-temizle-boya-duzelt-1-370x310.jpg\" class=\"attachment-intime-service size-intime-service\" alt=\"\" \/><\/a>\n\t\t\t<\/div><\/figure>\n\t\t<\/div>\n\t\t<\/div>\n\t\t\t\t<\/div>\n\t\t\t\t<\/div>\n\t\t            <\/div>\n        <\/div>\n                            <\/div>\n        <\/section>\n                <section class=\"elementor-section elementor-top-section elementor-element elementor-element-a2e3d46 elementor-section-boxed elementor-section-height-default elementor-section-height-default\" data-id=\"a2e3d46\" data-element_type=\"section\">\n            \n                        <div class=\"elementor-container elementor-column-gap-default \">\n                    <div class=\"elementor-column elementor-col-100 elementor-top-column elementor-element elementor-element-d157d27\" data-id=\"d157d27\" data-element_type=\"column\">\n            <div class=\"elementor-widget-wrap elementor-element-populated\">\n                        \t\t<div class=\"elementor-element elementor-element-766c520 elementor-widget elementor-widget-text-editor\" data-id=\"766c520\" data-element_type=\"widget\" data-widget_type=\"text-editor.default\">\n\t\t\t\t<div class=\"elementor-widget-container\">\n\t\t\t\t\t\t\t<p><strong>M\u0131c\u0131r Serici (Mekanik) Teknik \u00d6zellikleri<\/strong><\/p><ol><li>Serme geni\u015fli\u011fi 2600 mm<\/li><li>\u00c7ift tarafl\u0131 kolla kumanda edilebilir.<\/li><li>\u0130ste\u011fe ba\u011fl\u0131 olarak d\u00f6rt e\u015fit par\u00e7aya veya muhtelif par\u00e7alara b\u00f6l\u00fcnebilir.<\/li><li>Serim esnas\u0131nda b\u00fct\u00fcn kapaklar birbirinden ba\u011f\u0131ms\u0131z veya sekronize bi\u00e7imde \u00e7al\u0131\u015fabilir.<\/li><li>Her araca monte edilebilir.<\/li><li>Nakliye esnas\u0131nda s\u00f6kme ve takma pimli olmas\u0131 nedeniyle kolayl\u0131k sa\u011flamaktad\u0131r.<\/li><\/ol><p><br \/><strong>M\u0131c\u0131r Serici(Pnomatik) Teknik \u00d6zellikleri<\/strong><\/p><ol><li>Serme geni\u015fli\u011fi 2600 mm<\/li><li>Pnomatik ve elektronik sistem olup arac\u0131n i\u00e7erisinden ve arka k\u0131s\u0131mdam kablolu el kumandas\u0131 ile kontrol edilir.<\/li><li>Tambur ( lastik kaplamal\u0131 ) hidrolik motor ile tahrik edilmektedir.<\/li><li>Tambur devir h\u0131z\u0131 arac\u0131n h\u0131z\u0131na g\u00f6re ayarlanabilir.<\/li><li>M\u0131c\u0131r\u0131 seren k\u0131s\u0131m d\u00f6rt e\u015fit par\u00e7aya b\u00f6l\u00fcnmektedir. Her par\u00e7a i\u00e7in birer piston mevcuttur.<\/li><li>Serici k\u0131s\u0131mda istenilen b\u00f6lme tek veya sekronize kumanda edilebilir.<\/li><li>Serilecek olan m\u0131c\u0131r\u0131n \u00f6zelli\u011fine g\u00f6re mesafe ayar\u0131 yap\u0131labilir.<\/li><li>M\u0131c\u0131r\u0131n bitiminde kabine ikaz sinyali verir.<\/li><li>M\u0131c\u0131r sericimiz nakil halinde pnomatik ve elektrik sistemi soketli olup kolayca s\u00f6k\u00fclebilir.<\/li><\/ol>\t\t\t\t\t\t<\/div>\n\t\t\t\t<\/div>\n\t\t            <\/div>\n        <\/div>\n                            <\/div>\n        <\/section>\n        \t\t\t\t<\/div>\n\t\t\t\t\t<\/div>\n\t\t","protected":false},"excerpt":{"rendered":"<p>M\u0131c\u0131r Serici (Mekanik) Teknik \u00d6zellikleri Serme geni\u015fli\u011fi 2600 mm \u00c7ift tarafl\u0131 kolla kumanda edilebilir. \u0130ste\u011fe ba\u011fl\u0131 olarak d\u00f6rt e\u015fit par\u00e7aya veya muhtelif par\u00e7alara b\u00f6l\u00fcnebilir. Serim esnas\u0131nda b\u00fct\u00fcn kapaklar birbirinden ba\u011f\u0131ms\u0131z veya sekronize bi\u00e7imde \u00e7al\u0131\u015fabilir. Her araca monte edilebilir. Nakliye esnas\u0131nda s\u00f6kme ve takma pimli olmas\u0131 nedeniyle kolayl\u0131k sa\u011flamaktad\u0131r. M\u0131c\u0131r Serici(Pnomatik) Teknik \u00d6zellikleri Serme geni\u015fli\u011fi 2600 [&hellip;]<\/p>\n","protected":false},"author":1,"featured_media":0,"parent":6647,"menu_order":0,"comment_status":"closed","ping_status":"closed","template":"","meta":[],"_links":{"self":[{"href":"https:\/\/www.elibolasfalt.com.tr\/index.php?rest_route=\/wp\/v2\/pages\/6652"}],"collection":[{"href":"https:\/\/www.elibolasfalt.com.tr\/index.php?rest_route=\/wp\/v2\/pages"}],"about":[{"href":"https:\/\/www.elibolasfalt.com.tr\/index.php?rest_route=\/wp\/v2\/types\/page"}],"author":[{"embeddable":true,"href":"https:\/\/www.elibolasfalt.com.tr\/index.php?rest_route=\/wp\/v2\/users\/1"}],"replies":[{"embeddable":true,"href":"https:\/\/www.elibolasfalt.com.tr\/index.php?rest_route=%2Fwp%2Fv2%2Fcomments&post=6652"}],"version-history":[{"count":14,"href":"https:\/\/www.elibolasfalt.com.tr\/index.php?rest_route=\/wp\/v2\/pages\/6652\/revisions"}],"predecessor-version":[{"id":7087,"href":"https:\/\/www.elibolasfalt.com.tr\/index.php?rest_route=\/wp\/v2\/pages\/6652\/revisions\/7087"}],"up":[{"embeddable":true,"href":"https:\/\/www.elibolasfalt.com.tr\/index.php?rest_route=\/wp\/v2\/pages\/6647"}],"wp:attachment":[{"href":"https:\/\/www.elibolasfalt.com.tr\/index.php?rest_route=%2Fwp%2Fv2%2Fmedia&parent=6652"}],"curies":[{"name":"wp","href":"https:\/\/api.w.org\/{rel}","templated":true}]}}